 of 6279090.
2, 3, 5, 311, 673
List the prime factors of 30537907.
41, 107, 6961
List the prime factors of 511117.
59, 8663
What are the prime factors of 44863?
7, 13, 17, 29
List the prime factors of 1040417.
7, 17, 1249
List the prime factors of 118022.
2, 59011
List the prime factors of 141454.
2, 107, 661
What are the prime factors of 3571208?
2, 446401
List the prime factors of 5843479.
523, 11173
What are the prime factors of 9441191?
1249, 7559
What are the prime factors of 12397014?
2, 3, 7, 98389
List the prime factors of 13203572.
2, 53, 61, 1021
List the prime factors of 8345146.
2, 4172573
What are the prime factors of 292488?
2, 3, 7, 1741
List the prime factors of 854822.
2, 277, 1543
What are the prime factors of 207731?
31, 6701
What are the prime factors of 1328575?
5, 19, 2797
List the prime factors of 13144230.
2, 3, 5, 11, 17, 71
List the prime factors of 10742657.
17, 19, 79, 421
List the prime factors of 2730152.
2, 341269
List the prime factors of 94549.
7, 13, 1039
List the prime factors of 2949017.
461, 6397
List the prime factors of 597383.
597383
List the prime factors of 2148745.
5, 313, 1373
What are the prime factors of 3843937?
3843937
List the prime factors of 1319398.
2, 19, 34721
What are the prime factors of 511922?
2, 255961
What are the prime factors of 1405562?
2, 41, 61, 281
What are the prime factors of 838019?
7, 13, 9209
What are the prime factors of 378719?
11, 34429
List the prime factors of 782779.
73, 10723
List the prime factors of 27065705.
5, 43, 125887
List the prime factors of 356847.
3, 17, 6997
List the prime factors of 1378532.
2, 73, 4721
List the prime factors of 11564304.
2, 3, 89, 2707
What are the prime factors of 8604690?
2, 3, 5, 233, 1231
What are the prime factors of 231897?
3, 17, 4547
What are the prime factors of 100459?
100459
What are the prime factors of 5356174?
2, 1487, 1801
List the prime factors of 5946840.
2, 3, 5, 16519
What are the prime factors of 3915701?
523, 7487
What are the prime factors of 10868361?
3, 7, 19, 27239
List the prime factors of 353784.
2, 3, 14741
What are the prime factors of 564066?
2, 3, 31337
List the prime factors of 667322.
2, 23, 89, 163
What are the prime factors of 11093694?
2, 3, 1848949
What are the prime factors of 701098?
2, 350549
List the prime factors of 2694264.
2, 3, 112261
What are the prime factors of 627737?
11, 149, 383
List the prime factors of 558485.
5, 111697
What are the prime factors of 37801?
103, 367
What are the prime factors of 520556?
2, 181, 719
What are the prime factors of 328401?
3, 12163
What are the prime factors of 486435?
3, 5, 32429
List the prime factors of 7541869.
7541869
What are the prime factors of 834379?
7, 13, 53, 173
List the prime factors of 34007.
31, 1097
What are the prime factors of 18764840?
2, 5, 469121
What are the prime factors of 22313701?
37, 283, 2131
List the prime factors of 91823.
91823
List the prime factors of 206160.
2, 3, 5, 859
List the prime factors of 9111587.
9111587
What are the prime factors of 4887970?
2, 5, 488797
List the prime factors of 1085712.
2, 3, 22619
What are the prime factors of 952083?
3, 11, 59, 163
List the prime factors of 517340.
2, 5, 25867
List the prime factors of 346237.
19, 18223
List the prime factors of 265325.
5, 10613
What are the prime factors of 9939728?
2, 389, 1597
What are the prime factors of 6285950?
2, 5, 11, 1039
List the prime factors of 4651707.
3, 71, 21839
What are the prime factors of 518485?
5, 11, 857
List the prime factors of 3285097.
17, 173, 1117
List the prime factors of 287791.
7, 41113
List the prime factors of 2480021.
23, 107827
What are the prime factors of 1983558?
2, 3, 311, 1063
List the prime factors of 2525117.
7, 29, 1777
What are the prime factors of 32297793?
3, 11, 29, 33749
List the prime factors of 115100.
2, 5, 1151
What are the prime factors of 147852?
2, 3, 37
What are the prime factors of 21995?
5, 53, 83
List the prime factors of 814392.
2, 3, 11311
List the prime factors of 7390027.
7390027
List the prime factors of 215001.
3, 7963
What are the prime factors of 368178?
2, 3, 61363
What are the prime factors of 260550?
2, 3, 5, 193
What are the prime factors of 7615642?
2, 271, 14051
List the prime factors of 364320.
2, 3, 5, 11, 23
What are the prime factors of 215653?
215653
List the prime factors of 1994584.
2, 283, 881
List the prime factors of 2357207.
29, 81283
List the prime factors of 12923.
12923
What are the prime factors of 943676?
2, 235919
What are the prime factors of 4485394?
2, 2242697
What are the prime factors of 29045057?
571, 50867
What are the prime factors of 259701?
3, 13, 6659
What are the prime factors of 8353424?
2, 163, 3203
List the prime factors of 2917033.
7, 416719
List the prime factors of 10124875.
5, 107, 757
List the prime factors of 4222389.
3, 19, 74077
What are the prime factors of 189901?
189901
What are the prime factors of 13131519?
3, 29, 149, 1013
List the prime factors of 5220572.
2, 7, 47, 3967
What are the prime factors of 1520753?
13, 116981
List the prime factors of 219288.
2, 3, 9137
What are the prime factors of 19902?
2, 3, 31, 107
What are the prime factors of 1133748?
2, 3, 7, 11, 409
What are the prime factors of 1681065?
3, 5, 37357
List the prime factors of 14610862.
2, 7, 101, 10333
List the prime factors of 8509519.
37, 97, 2371
List the prime factors of 48497.
48497
List the prime factors of 14292.
2, 3, 397
What are the prime factors of 3547109?
3547109
List the prime factors of 4848412.
2, 1212103
What are the prime factors of 71815?
5, 53, 271
List the prime factors of 1202928.
2, 3, 19, 1319
What are the prime factors of 1289326?
2, 73, 8831
List the prime factors of 1236847.
41, 97, 311
List the prime factors of 4537185.
3, 5, 131, 2309
What are the prime factors of 3595843?
23, 79, 1979
What are the prime factors of 119701?
119701
What are the prime factors of 1459532?
2, 364883
What are the prime factors of 1528317?
3, 7, 17, 1427
What are the prime factors of 4303325?
5, 13, 13241
What are the prime factors of 441424?
2, 47, 587
List the prime factors of 343124.
2, 85781
What are the prime factors of 8091301?
661, 12241
List the prime factors of 3356651.
3356651
What are the prime factors of 325570?
2, 5, 7, 4651
What are the prime factors of 597313?
29, 43, 479
What are the prime factors of 3479747?
17, 107, 1913
List the prime factors of 11484125.
5, 91873
What are the prime factors of 913074?
2, 3, 31, 4909
What are the prime factors of 301560?
2, 3, 5, 7, 359
List the prime factors of 58646.
2, 7, 59, 71
List the prime factors of 2065104.
2, 3, 14341
List the prime factors of 3502385.
5, 173, 4049
What are the prime factors of 4916327?
13, 378179
List the prime factors of 5413592.
2, 31, 83, 263
List the prime factors of 9810385.
5, 13, 150929
What are the prime factors of 306303?
3, 102101
List the prime factors of 1107466.
2, 553733
What are the prime factors of 370232?
2, 46279
What are the prime factors of 1878377?
419, 4483
List the prime factors of 885528.
2, 3, 7, 251
List the prime factors of 28236415.
5, 401, 14083
List the prime factors of 238615.
5, 13, 3671
What are the prime factors of 217358?
2, 191, 569
List the prime factors of 2263548.
2, 3, 7, 26947
List the prime factors of 1536429.
3, 521, 983
What are the prime factors of 293627?
479, 613
List the prime factors of 1886491.
19, 99289
What are the prime factors of 4957813?
7, 263, 2693
What are the prime factors of 2991163?
7, 427309
What are the prime factors of 427661?
13, 67, 491
List the prime factors of 5111494.
2, 19, 134513
What are the prime factors of 37032684?
2, 3, 13, 277, 857
List the prime factors of 170861.
61, 2801
List the prime factors of 951861.
3, 97, 3271
What are the prime factors of 29779556?
2, 7444889
List the prime factors of 12753752.
2, 11, 37, 3917
List the prime factors of 1354823.
1354823
What are the prime factors of 6527480?
2, 5, 53, 3079
What are the prime factors of 4118424?
2, 3, 157, 1093
What are the prime factors of 5054361?
3, 13, 19, 359
List the prime factors of 6184987.
109, 179, 317
List the prime factors of 5034148.
2, 7, 23, 7817
List the prime factors of 310182.
2, 3, 17, 3041
What are the prime factors of 28169928?
